 k*n(r) + p*w(r). Calculate t(4).
4
Suppose -5*w + 5*s = 5, 0 = w - 6*s + 3*s - 3. Let x(f) = 5294*f + 0 - 5296*f - 7 - f**2 + 10. Calculate x(w).
0
Let a(g) = -2*g**2 + 11*g - 1. Let l(o) = -5*o**2 + 24*o - 3. Suppose 22 - 7 = 5*d. Let u(s) = d*l(s) - 7*a(s). What is u(-7)?
-16
Let m = 348 + -343. Let s(o) = 3*o - 15 + 17 - m*o**2 + 3*o**2 - o**3. Determine s(-2).
-4
Suppose -78*k = -84*k - 6. Let m(o) = -12*o**2 + 4*o + 3. Let r be m(k). Let q(d) = d + 5. Give q(r).
-8
Let n(z) be the first derivative of z**3/3 - 3*z**2 + z + 9687. Let m(r) = -2*r - 3. Let s be m(-3). Suppose -4*y = -5*g + 36, 7 = 2*g + y + s. Determine n(g).
-7
Let p(z) = -z**3 + 3*z**2 + 8*z + 1. Suppose 19*y + 216 = -8*y. Let r be (y + 28/4)*-5. What is p(r)?
-9
Suppose -15*k - 49 = -4. Suppose -14*j = -9*j. Let a(y) = y**2 + 2*y - 4 + j*y**2 + 0*y + 3. Calculate a(k).
2
Let p(d) = -56*d - 1455. Let q be p(-26). Let f(k) = 23*k + 1. Let v(s) = 35*s + 2. Let i(y) = -8*f(y) + 5*v(y). Calculate i(q).
-7
Let k(z) = -z. Let w(p) = -p**2 + p. Let y(h) = k(h) + w(h). Let g = -51 + 55. Suppose 4*s + 28 = g*a, -5*a + s + 14 = 3*s. Determine y(a).
-16
Suppose -2036 = -20*k - 2076. Let l(p) = 7*p + 13. Determine l(k).
-1
Let q(h) be the third derivative of 19*h**6/60 - h**5/60 + h**3/6 - 430*h**2 - 3*h. Calculate q(-1).
-38
Let a(s) = 25*s + 194. Suppose -4*u = 4*t + 64, t - 66 = -3*u - 98. Determine a(u).
-6
Let h(c) = -3*c + 28. Suppose 65*k + 761 = 2061. Determine h(k).
-32
Suppose -22 + 25 = g. Suppose 4*z = -4*t - 6 + 14, -g*t + 5*z + 6 = 0. Let f(x) = -8*x**2 + x - t*x + 7*x**2. Give f(-1).
0
Let a(f) = 4*f - 17. Let u(r) = -124 + r + 4*r + 43 + 62. Let c(k) = -6*a(k) + 5*u(k). Calculate c(-5).
2
Let b(l) be the second derivative of l**5/20 - 4*l**4/3 + 29*l**3/6 - 3*l**2/2 - 801*l. Calculate b(14).
11
Let p(x) = 23*x**3 - 24*x**2 - 21*x - 24. Let v(i) = 5*i**3 - 6*i**2 - 5*i - 6. Let t(f) = 2*p(f) - 9*v(f). Give t(-6).
-12
Let j(q) = 51*q**2 - 34*q - 61. Let v(b) = -19*b**2 + 12*b + 20. Let w(u) = -3*j(u) - 8*v(u). Determine w(9).
-4
Let t(i) be the second derivative of 0 + 2*i**2 + 12*i + 1/6*i**3. Suppose -16 = -4*j + 4. Calculate t(j).
9
Let t(l) = l**2 - 5*l + 6. Let p(s) = -s. Let z(g) = 3*p(g) + t(g). Suppose 3*f + 11*w - 15 = 12*w, 0 = -4*f + 9*w - 3. Give z(f).
-6
Let z(v) = 8*v**3 - 2*v**2 + 5. Let j(r) be the first derivative of 7*r**4/4 - r**3/3 + 5*r - 26. Let i(o) = 7*j(o) - 6*z(o). Give i(-5).
5
Let r(k) be the first derivative of -7*k**3/3 + k**2/2 - 6*k + 730. Determine r(2).
-32
Let j(g) = -27573 - 44*g + g**2 + 14011 + 13817. Give j(37).
-4
Let q be 9/3 + 5/10*-18. Let a(x) = -4*x - x**2 + 9*x + x**3 - 8 - 4*x**2 - 2*x**3. Give a(q).
-2
Let h(z) = -2*z - 43. Suppose 738 - 1102 = 26*k. Calculate h(k).
-15
Let t = -13 + 6. Let a(b) = b + 8. Let q(w) be the third derivative of -w**4/24 - 7*w**3/6 + 5*w**2 - 4*w. Let c(l) = -4*a(l) - 3*q(l). Calculate c(t).
-4
Let p be (3 + 7/(-2))*(4 - 14). Suppose -p*h + 44 = 29. Let n(q) = 3*q + 3. Let s(b) = -b - 1. Let u(d) = 2*n(d) + 5*s(d). Give u(h).
4
Let x(q) = q**3 + q**2 + q - 1. Let o(d) = -3*d**3 - 15*d**2 - 5*d + 14. Let m(k) = o(k) + 4*x(k). Let i be m(11). Let v(n) = -n**3 + 2*n**2 - 1. Give v(i).
2
Let h(i) = -84 - 1022*i - 1017*i + 2038*i. Calculate h(0).
-84
Let l(v) = -28*v - 48. Let n(h) = -815*h - 2. Let c be n(0). Give l(c).
8
Suppose -12*u + 26*u = -7*u - 63. Let k(r) = r**3 - 3*r**2 - 2*r - 5. Determine k(u).
-53
Let i(a) = 278*a + 71 - 309*a - a**2 + 0*a**2. Let f be i(-33). Let v(n) = n**3 - 4*n**2 - 7*n. What is v(f)?
-10
Let z(s) be the first derivative of s**3/3 + s**2 + s + 1469. Suppose -6 + 1 = k. What is z(k)?
16
Let s(m) = -m**2 + 15*m - 46. Let t = 195 + -186. Determine s(t).
8
Suppose 3*g - 25 = 2*t + 2*g, t + 26 = -4*g. Let z be (23/1 - 1) + -1. Let j be ((-30)/9)/(t/z). Let k(f) = f**3 - 7*f**2 + 7*f - 1. Calculate k(j).
-16
Suppose -2*a = a - 5*r, 0 = a + r. Suppose 0 = -4*p + 4*b - 5 + 21, 5*b - 10 = 0. Let v(m) = 2*m**3 - 5*m - m**3 - 2*m - 1 + p*m. Determine v(a).
-1
Let i(q) = -q**3 - q**2 - q - 12. Let b be i(0). Let n(t) = 37*t**2 + 44*t - 9. Let f(o) = 22*o**2 + 24*o - 5. Let w(c) = -5*f(c) + 3*n(c). Calculate w(b).
-2
Let y(o) = 3*o**2 - 3*o + 7. Let g(a) = 5*a**2 - 7*a + 12. Suppose 4*f = -119 + 555. Let p = -113 + f. Let r(l) = p*g(l) + 7*y(l). Calculate r(-6).
-5
Let p be -4 + (-3 - -4)/(2/4). Let o(y) = -y**2 - 2. Let z(r) = -r**2 + 0*r - 4*r + 3*r. Let t(s) = p*z(s) + o(s). Calculate t(-3).
1
Let o(p) = -p**3 + 6*p**2 + 12*p - 70. Suppose 2*i + 30 = 5*r - 0, -5*r + 30 = -4*i. Calculate o(r).
2
Let c = -347 + 335. Let u be c*4/(-8) - 10. Let k(n) = n**3 + 4*n**2 + 5*n + 2. Calculate k(u).
-18
Let f(j) = -j**3 + 9*j**2 + 22*j + 13. Let b = 1633 + -1622. Determine f(b).
13
Let n(v) be the second derivative of v**6/180 - v**5/24 - v**4/24 - 2*v**3 - v**2/2 - 2*v - 71. Let j(c) be the second derivative of n(c). What is j(4)?
11
Let h be 94/8 + 2/8. Let a be (6/4)/((-9)/h). Let i(l) = -6*l + l + 3*l + 7629 - 7630 + 5*l. What is i(a)?
-7
Suppose 0 = 2*g - 7*a - 1, 210*g = 214*g - 2*a + 10. Let z(x) = -8*x + 2. What is z(g)?
26
Let a be 1 - -10 - (-3 + 34). Let x(d) = -3*d - 64. Give x(a).
-4
Let x(h) = h**3 - 5*h**2 + 7*h + 3. Suppose 226*l - 19 = -5*p + 223*l, 4*p - 26 = 3*l. Give x(p).
38
Let x(r) = -13*r**3 + 19*r**2 - 13*r - 2. Let b(s) = -3*s**3 + s**2 - s - 2. Let l(m) = 5*b(m) - x(m). Give l(-7).
-64
Let d(y) = -36*y + 2205. Let g be d(61). Let h(l) = l**2 + 4*l - 107. Determine h(g).
10
Suppose -70 = 724*d - 710*d. Let m(h) = -h**2 - 5*h - 7. Let k(j) = -1. Let f(t) = 4*k(t) + m(t). What is f(d)?
-11
Let w = 46 - 83. Let p = 38 + w. Let z(y) = -y**2 - 4 + p - 2*y + 1. Determine z(-2).
-2
Let s(n) = -n**3 - n - 1. Let f(a) = -49*a**3 + a**2 - 4*a - 4. Let p(w) = f(w) - 5*s(w). Let i = -12777 - -12776. Calculate p(i).
45
Suppose b + 9 - 16 = n, 5*n - 5 = -3*b. Let s(x) = 6. Let t(q) = q - 7. Let c(k) = 5*s(k) + 4*t(k). Determine c(n).
-6
Let v(s) be the first derivative of -s**3/3 + 3*s**2 - 6*s + 15. Suppose 44*r - 46*r + 14 = 0. What is v(r)?
-13
Let f = -23516 + 23514. Let j = -1 + 6. Let l(t) = 3 + 0*t + t - 3*t - j + t**2. Give l(f).
6
Let a(x) = -7*x**2 - 149*x - 40. Let t be a(-21). Let s(c) be the first derivative of 2/3*c**3 + 3*c + 8 + t*c**2. Give s(-3).
9
Let f be (10 + -1)*4/12. Suppose 15 = 2*p + f*l + 41, 4*p - 5*l + 8 = 0. Let h(v) = -v**2 - 9*v - 4. Determine h(p).
10
Let j(f) = -f**3 + 11*f**2 - 9*f - 12. Let z = -25 + 39. Let l be (z - 4)/(0 + -2 + 3). Calculate j(l).
-2
Let s(o) = 2*o**3 + o + 74. Let u(d) = 3*d**3 + d**2 + 2*d + 121. Let f(x) = 5*s(x) - 3*u(x). Determine f(2).
1
Let r(d) be the first derivative of d**3/3 - 5*d**2/2 - 4*d - 231. Suppose 0 = -2*u - u - 3*v + 24, 4*u - 4*v = 8. What is r(u)?
-4
Suppose 0*p + 4*p + 4 = 0. Let g be (-2 + p*(0 - 3))*30. Let q(y) = 61*y - g*y - 33*y. Calculate q(2).
-4
Let g be 0*(14/28)/(-1). Let d(q) be the second derivative of -3/2*q**2 - 4*q + g*q**3 + 0 - 1/12*q**4. Calculate d(-3).
-12
Let l(f) = -9*f**3 + 2*f**2 + 5*f + 9. Let z(m) = 8*m**3 - m**2 - 4*m - 7. Let q(k) = 2*l(k) + 3*z(k). Determine q(-1).
-6
Let g(q) = q**3 + 4*q**2 - 5. Let u be (-29)/6 - 2/12. Let z be -7 + (-3)/u*5. Give g(z).
-5
Let w(x) = 4*x + 3. Let y be ((-9)/(-2))/(7/(29 - 1)). Suppose 2*i = -3*a + y, -5*i - 6 = -a - 3*i. What is w(a)?
27
Suppose -c = 19*c - 320. Let f(l) = -39*l - 26*l + c + 66*l. Determine f(-9).
7
Let g(c) = -c**3 - 10*c**2 + 25*c + 1. Suppose 4*x + 24*f - 19*f + 63 = 0, 4*x + 3*f + 57 = 0. What is g(x)?
-11
Let i(f) = -4*f**2 + 3*f**2 - 5*f - 2*f**2 + 10 + f + f**2. Give i(-4).
-6
Let j(t) = 7*t**2 + 10*t + 13. Let g(f) = 4*f**2 + 5*f + 7. Let y(p) = 5*g(p) - 3*j(p). Let b be (36 - 64)/((-2)/(-2)). Let c = -32 - b. Calculate y(c).
0
Let x(p) = 4*p**2 + 63*p + 47. Let u be (-913)/(-66) + -14 - (214/12 + -3). What is x(u)?
2
Let p(w) = 9*w - 45. Suppose 18*y = 3*y + 75. What is p(y)?
0
Let z(m) = -46*m**3 + 29*m**2 - 7*m + 28. Let d(r) = -11*r**3 + 7*r**2 - 2*r + 7. Let s(k) = 25*d(k) - 6*z(k). Calculate s(-3).
13
Let u(q) = 4*q + 89. Let p = -13876 + 13857. Calculate u(p).
13
Let c(h) = 5*h**3 + h**2 - 2*h + 1. Suppose 12*l - 22 - 2 = 0. Suppose -7*y + l*y = -15. Suppose -y*r = 5*f + 2, -2*r + 5*f = -7*r. Wha